 What is the units digit of q?
8
Let k(b) be the first derivative of b**3/3 - b**2/2 + b + 8. Let p be k(2). Suppose 0*i + 124 = 4*o - p*i, -3*o + 4*i = -86. What is the units digit of o?
4
Suppose 0 = 3*p - 3*t - 4239, 4*p + 4*t - 736 = 4924. What is the thousands digit of p?
1
Let u(k) = -13*k - 2. Let g be (-1 - -11) + (-4)/4. Suppose 0 = 5*c + g + 1. What is the units digit of u(c)?
4
What is the tens digit of 340/(6/(1 + 11))?
8
Let r = -65 - -37. Let w be 7*(-1 - 68/r). What is the units digit of 2/(-3)*w*-3?
0
Let b = 112 + -102. Suppose k = -5*q + 2*k + 55, -2*q - 2*k = -b. What is the units digit of q?
0
Suppose -88 = 3*s + 4*x, -x + 3*x + 142 = -5*s. Suppose -3*r = 5*a - 123, 4*r + 5*a + 129 = 8*r. Let c = r - s. What is the units digit of c?
4
Let v be 4/(-1) + 6 + 56. Suppose -3*j = -266 - v. Suppose -h - h = -j. What is the tens digit of h?
5
Suppose 2*r + 2*r + 48 = 0. Let g = -8 - r. Suppose 3*w + 29 = 5*c, 6*c = c - g*w + 8. What is the units digit of c?
4
Let z be 0/(-4 + (-3 - -9)). Suppose -j + 2*j + 1 = z. What is the tens digit of ((-150)/15)/(j/3)?
3
Suppose -w + 3*v = -375, 2*w - w = 2*v + 372. Let i be w/(-8) - (-4)/(-16). Let f = i + 70. What is the units digit of f?
4
Let w = 10 - 5. Suppose 91*d = 92*d - 6. Suppose -w*a + 19 = -d. What is the units digit of a?
5
Let i(u) = -u**3 - 32*u**2 + 88*u - 26. What is the units digit of i(-37)?
3
Suppose 44*a - 59993 = 4555. What is the thousands digit of a?
1
Let k be (1 + 1)*(0 - -10). Let p be 6 - 1*(3 - 8). Let o = k + p. What is the units digit of o?
1
Let d(q) = 532*q + 60. What is the units digit of d(4)?
8
Let y(u) = 12*u + 228. What is the units digit of y(-6)?
6
Let p be (5 - (-56)/(-10)) + 2/(-5). What is the units digit of ((-16)/(-2) - p)*(9 - 7)?
8
What is the units digit of 1*422 + 5/(-5)?
1
Let a be 16864/(-80) + (-1)/5. Let w = a + 303. What is the tens digit of w?
9
Suppose -3*t - 3*d + 2*d - 5 = 0, -2*t = 4*d - 10. What is the tens digit of -138*(t + (12/8 - -1))?
6
Let d(p) = 23*p - 16. What is the units digit of d(17)?
5
Let a be 1 - -2 - (-1)/1. Let n(y) = 4*y**2 + 9. Let k be n(-8). Suppose a*r + 1 - k = 0. What is the units digit of r?
6
Let a(i) be the second derivative of 13*i**3/6 - 2*i**2 - 9*i. Let n(w) = 51*w - 15. Let p(u) = -15*a(u) + 4*n(u). What is the tens digit of p(2)?
1
Suppose x - 2*w = 269, 0 = -0*x - 2*x - 3*w + 510. Let j = -123 + x. What is the units digit of j?
8
Let q(k) = 12*k + 267. What is the hundreds digit of q(12)?
4
Let d(f) = 4*f**2 - f - 6. Let p = 21 - 12. Suppose -p*i = -14*i + 20. What is the tens digit of d(i)?
5
Let n(q) be the second derivative of -q**5/20 + 7*q**4/12 + q**3/3 + q**2 - 5*q. Let x be n(6). Suppose -8*f + 3*f + x = 0. What is the tens digit of f?
1
Let v(a) be the third derivative of a**6/60 - a**5/12 + 5*a**4/24 - a**3/2 + 3*a**2. Let f be v(3). Suppose 19 = 4*u - f. What is the units digit of u?
0
What is the thousands digit of 21/12 - (1 + 49684/(-16))?
3
Suppose 2*a = -3*r + 15, -r + 5*a + 12 = -10. Let i(s) = 6*s + 28. What is the units digit of i(r)?
0
Suppose -6*v + 119 = -187. Let f = -3 + 5. Suppose -f*y + 29 + v = 0. What is the tens digit of y?
4
Let d(o) be the second derivative of -o**5/20 - 2*o**4/3 - 2*o**3/3 + 15*o**2/2 - 3*o. Let h be d(-7). What is the tens digit of 48 - 1/((-2)/h)?
4
Suppose 5*i - 576 = -3*m + 2420, -m - 3*i + 1000 = 0. What is the hundreds digit of m?
9
Let m(x) = x**2 - 3*x + 841. What is the tens digit of m(0)?
4
Suppose 9*i = 10*i - 482. What is the hundreds digit of i?
4
Let m(h) = -38*h + 275. What is the hundreds digit of m(-17)?
9
Let b(x) = -6*x**3 + x**2 - x + 1. Let j be b(-2). Suppose 3*k + j = -4*q, -4*q - 79 - 18 = 5*k. Let h = -13 - k. What is the units digit of h?
8
Suppose -3*x = -0*x - 18. Let r(p) = -x*p - 10 - 8*p**2 - 7*p - p**3 + 2*p. What is the tens digit of r(-7)?
1
Let d be 241*1 - (-2 - -6 - 3). Suppose -d = 3*f - 7*f. What is the tens digit of f?
6
Let b(k) = -42*k**3 + 2*k - 1. Let f be 11/(-44) - (-5)/4. Let h be b(f). Let g = -9 - h. What is the units digit of g?
2
Let g(f) be the second derivative of 7*f**3 + 7*f**2 - 18*f + 2. What is the tens digit of g(1)?
5
Let k(w) = -6*w**2 + 7*w - 17*w + 2*w - 2 - w**3. Let l be k(-5). Suppose f - 35 + 10 = -2*y, 5*f = -2*y + l. What is the tens digit of y?
1
Let y = 5485 + -2509. What is the units digit of y?
6
Let i(y) = -y**2 - 15*y - 2. Let o be i(-12). Let v = o - 8. Suppose -b + 10 = -v. What is the units digit of b?
6
Suppose -4*q = -3*x - 14085, 8*q - 4*q + 4*x = 14064. What is the hundreds digit of q?
5
Let j = 56 + -82. Let v be (-639)/(-13) + 10/(-65). Let k = v + j. What is the tens digit of k?
2
Let q = 65 - 114. Let y = 5 - q. What is the tens digit of y?
5
Let g(k) = 37*k + 18. Let r be g(4). Suppose 2*d + 3*y = r, -5*d + 428 = -0*d + y. What is the units digit of d?
6
Let p be 8/7 + (-10)/70. Let m(k) = k**2 - 3*k + k**2 + p + 4*k**2. What is the units digit of m(2)?
9
Let y(b) = -b**2 - 8*b - 10. Let s be y(-7). Let g = 5 + s. What is the units digit of 3/(3/g) - -3?
5
Suppose -5*u - 5*d = -30, 0 = -0*u - u - 4*d. Let b(m) = -23 + 8*m + 6 - 2*m. What is the tens digit of b(u)?
3
Let k(g) = 2*g**2 - g - 1. Let o be k(2). Suppose o*h = 1740 + 640. Suppose -5*y + h = 2*y. What is the units digit of y?
8
Suppose -4 + 3 = c, 50 = -3*g - 2*c. Let f = 374 + -419. Let b = g - f. What is the units digit of b?
9
Let m(y) = 503*y**2 - 20*y + 11. What is the tens digit of m(2)?
8
Suppose 36*l + 11*l = 39245. What is the tens digit of l?
3
Let p = -449 + 810. What is the hundreds digit of p?
3
Let a(i) = -3*i**2 - 11*i - 10. Let s(c) = c**2 + 4*c + 3. Let h(j) = -4*a(j) - 11*s(j). Let w(o) = 11*o - 51. Let q be w(5). What is the units digit of h(q)?
3
Let q(h) = 557*h**3 + 3*h**2 - 3*h. Let l be q(1). Let t = l + -317. What is the hundreds digit of t?
2
Let k(w) be the third derivative of 37*w**5/60 + w**4/24 + w**3/6 + 3*w**2. What is the tens digit of k(2)?
5
Let x be (-1)/3 - 75/(-9). What is the units digit of (-7 + x)*(77 + -1)?
6
What is the tens digit of 544 - (-4 + -3)/7?
4
Let r(i) = 209*i - 659. What is the hundreds digit of r(6)?
5
Suppose 2*w - 7 - 3 = 0. What is the hundreds digit of -2*(-56 + w + -4)?
1
Suppose -51*d + 16226 = -13*d. What is the units digit of d?
7
What is the hundreds digit of -1*7*(-6990)/105?
4
Let c(w) be the second derivative of 5*w**6/72 + w**5/40 - w**4/24 - 5*w**3/6 - 4*w. Let r(j) be the second derivative of c(j). What is the tens digit of r(1)?
2
Let v(q) = -2*q**3 - 2*q - 3. Let j(z) = -z**3 + 6*z**2 + 7*z + 17. Let u be j(7). Let s = u - 19. What is the tens digit of v(s)?
1
What is the tens digit of ((-29081)/(-9) + (-40)/180)*1?
3
Suppose 5*o + 2 = -4*b, -o + 3*b - 1 = 7. What is the units digit of (-372)/(-24) - 3/o?
7
Let b = -3997 + 6362. What is the thousands digit of b?
2
Let z be 2/3 - 110/(-33). Let g be z/(-2)*(16 - 38). Let k = g + -7. What is the units digit of k?
7
Let b = -11 - -15. Suppose 5*p - 11 = b. Suppose 5*q = 0, 3*z + p*q = -0*q + 69. What is the units digit of z?
3
Let n(y) = 4*y**2 + 1. Let i be n(-1). Suppose 0 = -4*k + k - 3*z + 570, 760 = 4*k + z. Suppose k = 5*p + i*m, p + 2*m = 5*m + 26. What is the tens digit of p?
3
Let k(b) = b**3 - 6*b**2 + 12*b - 11. What is the tens digit of k(7)?
2
Let d(p) = 113*p + 55. What is the tens digit of d(16)?
6
Let g(t) = -t**3 - 11*t**2 + 6*t - 26. Let s be g(-8). What is the tens digit of s/((1 + 2 - 2)*-2)?
3
Let x be -3 + -4 + 4 + -9. What is the units digit of 4/2 - (x - -7)?
7
Suppose -j + 3*z = -z - 12, -10 = -2*j + z. What is the tens digit of (-2)/3*(j - (298 - 0))?
9
Suppose 2*u + 2*u + 119 = 3*j, 41 = j - 2*u. Suppose -n - 2*r = -15, 2*n + r + 4 = j. What is the units digit of n?
7
Let t = -13 - -10. What is the hundreds digit of 2 + 12/t + 156?
1
Let u = -22 - -22. What is the units digit of 0/(-4) - (-70 - u)?
0
Let b(v) = -1276*v + 203. Let d(h) = -25*h + 4. Let f(j) = 4*b(j) - 203*d(j). What is the units digit of f(-4)?
6
Suppose -2*o = 2*o. Suppose -4*k + 7*k + 18 = o. What is the tens digit of (2/4)/(k/(-360))?
3
Let t(m) = -m**3 + m. Let b(g) = g**3 - 21*g**2 - 5*g - 11. Let i(k) = b(k) + 2*t(k). What is the tens digit of i(-21)?
5
Let i(d) = 721*d**2 + 69*d + 13